 is the hundreds digit of 72257360?
3
What is the ten thousands digit of 22482491?
8
What is the ten millions digit of 177562273?
7
What is the millions digit of 212499204?
2
What is the tens digit of 310451354?
5
What is the ten millions digit of 1713182879?
1
What is the ten millions digit of 831517086?
3
What is the ten millions digit of 19941517?
1
What is the ten thousands digit of 253008020?
0
What is the thousands digit of 231202234?
2
What is the billions digit of 3942678898?
3
What is the ten thousands digit of 2688802045?
0
What is the tens digit of 624299559?
5
What is the hundred thousands digit of 982954196?
9
What is the thousands digit of 467135542?
5
What is the hundred thousands digit of 350024347?
0
What is the millions digit of 1592944272?
2
What is the hundred thousands digit of 814788383?
7
What is the ten thousands digit of 6456823760?
2
What is the ten thousands digit of 115582055?
8
What is the tens digit of 52946521?
2
What is the tens digit of 1727977137?
3
What is the billions digit of 2530378848?
2
What is the tens digit of 72897232?
3
What is the thousands digit of 13279981?
9
What is the ten thousands digit of 3481280582?
8
What is the ten thousands digit of 4432311515?
1
What is the ten thousands digit of 198638772?
3
What is the ten millions digit of 71299612?
7
What is the tens digit of 3418294027?
2
What is the millions digit of 3155498983?
5
What is the hundred millions digit of 409870461?
4
What is the tens digit of 100569423?
2
What is the ten millions digit of 538798327?
3
What is the hundred thousands digit of 3553803829?
8
What is the tens digit of 2322732?
3
What is the hundreds digit of 208972357?
3
What is the millions digit of 95993485?
5
What is the millions digit of 284124152?
4
What is the thousands digit of 1487158499?
8
What is the hundred millions digit of 223021633?
2
What is the units digit of 221065582?
2
What is the thousands digit of 125079044?
9
What is the ten millions digit of 32909245?
3
What is the units digit of 4499744?
4
What is the ten thousands digit of 1031535459?
3
What is the tens digit of 1256462876?
7
What is the ten thousands digit of 5767194?
6
What is the ten thousands digit of 39933589?
3
What is the ten millions digit of 19971554?
1
What is the units digit of 863843432?
2
What is the ten millions digit of 7025508089?
2
What is the hundreds digit of 29575869?
8
What is the billions digit of 2437860830?
2
What is the ten millions digit of 219959670?
1
What is the tens digit of 38938621?
2
What is the thousands digit of 86805926?
5
What is the thousands digit of 5072096642?
6
What is the millions digit of 158581670?
8
What is the units digit of 113201892?
2
What is the millions digit of 250643417?
0
What is the thousands digit of 26277548?
7
What is the millions digit of 89291413?
9
What is the tens digit of 377784561?
6
What is the billions digit of 1395724593?
1
What is the millions digit of 134310831?
4
What is the hundred thousands digit of 360778134?
7
What is the ten millions digit of 2114839378?
1
What is the units digit of 110349342?
2
What is the millions digit of 233549769?
3
What is the hundreds digit of 129054425?
4
What is the hundred millions digit of 385279158?
3
What is the thousands digit of 801285755?
5
What is the tens digit of 105952426?
2
What is the tens digit of 33527005?
0
What is the thousands digit of 624123866?
3
What is the ten thousands digit of 186052840?
5
What is the ten millions digit of 77397917?
7
What is the hundred millions digit of 135668748?
1
What is the hundred millions digit of 490486919?
4
What is the hundred thousands digit of 580161303?
1
What is the tens digit of 1140518?
1
What is the hundred thousands digit of 36396513?
3
What is the ten millions digit of 38021701?
3
What is the hundreds digit of 249210444?
4
What is the units digit of 943888484?
4
What is the ten millions digit of 367984971?
6
What is the tens digit of 122864870?
7
What is the units digit of 37713141?
1
What is the ten thousands digit of 470507562?
0
What is the ten thousands digit of 3191599?
9
What is the thousands digit of 39395178?
5
What is the hundreds digit of 22385105?
1
What is the hundred thousands digit of 17347837?
3
What is the thousands digit of 2464870899?
0
What is the thousands digit of 189020624?
0
What is the tens digit of 12943545?
4
What is the hundred thousands digit of 5342618311?
6
What is the millions digit of 9418000114?
8
What is the thousands digit of 1673720309?
0
What is the tens digit of 1739785938?
3
What is the hundred thousands digit of 18256483?
2
What is the millions digit of 105812400?
5
What is the ten millions digit of 870105848?
7
What is the units digit of 8847656?
6
What is the tens digit of 243570077?
7
What is the hundred millions digit of 225499415?
2
What is the thousands digit of 42166801?
6
What is the hundred thousands digit of 3354980?
3
What is the ten thousands digit of 5073518950?
1
What is the thousands digit of 11115843?
5
What is the ten millions digit of 21909671?
2
What is the hundreds digit of 35551462?
4
What is the units digit of 29225568?
8
What is the ten millions digit of 3732268578?
3
What is the tens digit of 507516071?
7
What is the hundreds digit of 489965056?
0
What is the ten thousands digit of 89912367?
1
What is the tens digit of 24199642?
4
What is the hundred thousands digit of 173206423?
2
What is the thousands digit of 28279301?
9
What is the units digit of 130709122?
2
What is the thousands digit of 72572044?
2
What is the ten thousands digit of 1354344156?
4
What is the thousands digit of 179254032?
4
What is the units digit of 27990489?
9
What is the hundreds digit of 1169658422?
4
What is the ten millions digit of 22008057?
2
What is the ten thousands digit of 197607879?
0
What is the hundred thousands digit of 760408?
7
What is the millions digit of 1422978404?
2
What is the hundred thousands digit of 439694958?
6
What is the thousands digit of 47589017?
9
What is the units digit of 2266756807?
7
What is the hundred millions digit of 324295581?
3
What is the thousands digit of 418960135?
0
What is the ten millions digit of 79562545?
7
What is the tens digit of 882290111?
1
What is the millions digit of 1354478481?
4
What is the hundred millions digit of 2885716324?
8
What is the millions digit of 634232799?
4
What is the tens digit of 2466170369?
6
What is the millions digit of 807769679?
7
What is the hundreds digit of 69076877?
8
What is the thousands digit of 2068288662?
8
What is the ten millions digit of 168845594?
6
What is the ten millions digit of 930077216?
3
What is the units digit of 12011746?
6
What is the units digit of 281934826?
6
What is the hundreds digit of 49096193?
1
What is the hundred thousands digit of 66283256?
2
What is the hundred thousands digit of 1520937602?
9
What is the hundred thousands digit of 450354159?
3
What is the hundreds digit of 873631613?
6
What is the ten millions digit of 20065628?
2
What is the tens digit of 942599521?
2
What is the tens digit of 387447149?
4
What is the thousands digit of 22117495?
7
What is the units digit of 702460878?
8
What is the millions digit of 183753353?
3
What is the ten thousands digit of 26180729?
8
What is the units digit of 1136497029?
9
What is the tens digit of 2728198787?
8
What is the units digit of 61570764?
4
What is the hundreds digit of 2726436216?
2
What is the millions digit of 772782662?
2
What is the thousands digit of 32799806?
9
What is the thousands digit of 218687243?
7
What is the ten millions digit of 75714321?
7
What is the ten millions digit of 115566575?
1
What is the tens digit of 1099510970?
7
What is the hundreds digit of 4346829?
8
What is the hundred thousands digit of 37837544?
8
What is the ten millions digit of 411438322?
1
What is the hundred millions digit of 4618738116?
6
What is the thousands digit of 208950874?
0
What is the tens digit of 605194346?
4
What is the tens digit of 20779659?
5
What is the ten thousands digit of 509875394?
7
What is the ten millions digit of 961911767?
6
What is the ten millions digit of 10298645?
1
What is the hundred millions digit of 266432953?
2
What is the thousands digit of 6052715702?
5
What is the tens digit of 1117435263?
6
What